{"id":59,"date":"2023-11-22T01:23:19","date_gmt":"2023-11-22T01:23:19","guid":{"rendered":"https:\/\/sari-holding.com\/?page_id=59"},"modified":"2023-11-22T15:59:22","modified_gmt":"2023-11-22T15:59:22","slug":"1-tequila-time-llc","status":"publish","type":"page","link":"https:\/\/sari-holding.com\/?page_id=59","title":{"rendered":"1-Tequila Time LLC"},"content":{"rendered":"\t\t<div data-elementor-type=\"wp-page\" data-elementor-id=\"59\" class=\"elementor elementor-59\">\n\t\t\t\t\t\t\t<div class=\"elementor-element elementor-element-b7d6a9f e-flex e-con-boxed e-con e-parent\" data-id=\"b7d6a9f\" data-element_type=\"container\" data-settings=\"{&quot;content_width&quot;:&quot;boxed&quot;}\" data-core-v316-plus=\"true\">\n\t\t\t\t\t<div class=\"e-con-inner\">\n\t\t\t\t<div class=\"elementor-element elementor-element-c94fa3c elementor-widget elementor-widget-image\" data-id=\"c94fa3c\" data-element_type=\"widget\" data-widget_type=\"image.default\">\n\t\t\t\t<div class=\"elementor-widget-container\">\n\t\t\t<style>\/*! elementor - v3.17.0 - 08-11-2023 *\/\n.elementor-widget-image{text-align:center}.elementor-widget-image a{display:inline-block}.elementor-widget-image a img[src$=\".svg\"]{width:48px}.elementor-widget-image img{vertical-align:middle;display:inline-block}<\/style>\t\t\t\t\t\t\t\t\t\t\t\t<img fetchpriority=\"high\" decoding=\"async\" width=\"950\" height=\"320\" src=\"https:\/\/sari-holding.com\/wp-content\/uploads\/2023\/11\/austin-curtis-eA3DJxqDSQ4-unsplash-scaled-e1700616410654-950x320.jpg\" class=\"attachment-inspiro-loop size-inspiro-loop wp-image-62\" alt=\"\" sizes=\"100vw\" \/>\t\t\t\t\t\t\t\t\t\t\t\t\t\t\t<\/div>\n\t\t\t\t<\/div>\n\t\t\t\t\t<\/div>\n\t\t\t\t<\/div>\n\t\t<div class=\"elementor-element elementor-element-8b9798e e-flex e-con-boxed e-con e-parent\" data-id=\"8b9798e\" data-element_type=\"container\" data-settings=\"{&quot;content_width&quot;:&quot;boxed&quot;}\" data-core-v316-plus=\"true\">\n\t\t\t\t\t<div class=\"e-con-inner\">\n\t\t<div class=\"elementor-element elementor-element-573dad0 e-con-full e-flex e-con e-child\" data-id=\"573dad0\" data-element_type=\"container\" data-settings=\"{&quot;content_width&quot;:&quot;full&quot;}\">\n\t\t\t\t<div class=\"elementor-element elementor-element-50ed5aa elementor-widget elementor-widget-text-editor\" data-id=\"50ed5aa\" data-element_type=\"widget\" data-widget_type=\"text-editor.default\">\n\t\t\t\t<div class=\"elementor-widget-container\">\n\t\t\t<style>\/*! elementor - v3.17.0 - 08-11-2023 *\/\n.elementor-widget-text-editor.elementor-drop-cap-view-stacked .elementor-drop-cap{background-color:#69727d;color:#fff}.elementor-widget-text-editor.elementor-drop-cap-view-framed .elementor-drop-cap{color:#69727d;border:3px solid;background-color:transparent}.elementor-widget-text-editor:not(.elementor-drop-cap-view-default) .elementor-drop-cap{margin-top:8px}.elementor-widget-text-editor:not(.elementor-drop-cap-view-default) .elementor-drop-cap-letter{width:1em;height:1em}.elementor-widget-text-editor .elementor-drop-cap{float:left;text-align:center;line-height:1;font-size:50px}.elementor-widget-text-editor .elementor-drop-cap-letter{display:inline-block}<\/style>\t\t\t\t<h2 class=\"wp-block-heading\">INNOVACI\u00d3N<\/h2>\n<p><!-- \/wp:heading --><!-- wp:paragraph --><\/p>\n<p>TEQUILA CASA SAHAG\u00daN redefinir\u00e1 la forma de tomar un Tequila Premium, ya que es la suma de todo un esfuerzo de trabajo artesanal materializado\u00a0 en una botella innovadora de f\u00e1cil sujeci\u00f3n, madurado en barricas y luego ser\u00a0 cuidadosamente filtrado para lograr entregar al paladar esas sutiles notas de agave, dando un\u00a0 perfecto balance con el sabor inigualable del agave Tequilana Weber Variedad Azul.<\/p>\t\t\t\t\t\t<\/div>\n\t\t\t\t<\/div>\n\t\t\t\t<\/div>\n\t\t<div class=\"elementor-element elementor-element-2546ab9 e-con-full e-flex e-con e-child\" data-id=\"2546ab9\" data-element_type=\"container\" data-settings=\"{&quot;content_width&quot;:&quot;full&quot;}\">\n\t\t\t\t<div class=\"elementor-element elementor-element-53e971a elementor-widget elementor-widget-image\" data-id=\"53e971a\" data-element_type=\"widget\" data-widget_type=\"image.default\">\n\t\t\t\t<div class=\"elementor-widget-container\">\n\t\t\t\t\t\t\t\t\t\t\t\t\t\t\t<img decoding=\"async\" width=\"445\" height=\"423\" src=\"https:\/\/sari-holding.com\/wp-content\/uploads\/2023\/11\/1tequilatime.png\" class=\"attachment-large size-large wp-image-53\" alt=\"\" srcset=\"https:\/\/sari-holding.com\/wp-content\/uploads\/2023\/11\/1tequilatime.png 445w, https:\/\/sari-holding.com\/wp-content\/uploads\/2023\/11\/1tequilatime-300x285.png 300w\" sizes=\"100vw\" \/>\t\t\t\t\t\t\t\t\t\t\t\t\t\t\t<\/div>\n\t\t\t\t<\/div>\n\t\t\t\t<\/div>\n\t\t\t\t\t<\/div>\n\t\t\t\t<\/div>\n\t\t<div class=\"elementor-element elementor-element-4c0a7eca e-flex e-con-boxed e-con e-parent\" data-id=\"4c0a7eca\" data-element_type=\"container\" data-settings=\"{&quot;content_width&quot;:&quot;boxed&quot;}\" data-core-v316-plus=\"true\">\n\t\t\t\t\t<div class=\"e-con-inner\">\n\t\t\t\t<div class=\"elementor-element elementor-element-2eaa2616 elementor-widget elementor-widget-text-editor\" data-id=\"2eaa2616\" data-element_type=\"widget\" data-widget_type=\"text-editor.default\">\n\t\t\t\t<div class=\"elementor-widget-container\">\n\t\t\t\t\t\t\t<!-- wp:heading -->\n<p>\u00a0<\/p>\n<!-- \/wp:paragraph --><!-- wp:heading -->\n<h2 class=\"wp-block-heading\">NUESTRO OBJETIVO<\/h2>\n<!-- \/wp:heading --><!-- wp:list -->\n<ul><!-- wp:list-item -->\n<li>Aperturar el mercado del mundo saj\u00f3n para deleitar los paladares m\u00e1s exigentes con nuestros productos.<\/li>\n<!-- \/wp:list-item --><!-- wp:list-item -->\n<li>Lograr un crecimiento sostenido que permita a la compa\u00f1\u00eda generar ganancias en los pr\u00f3ximos a\u00f1os y proporcionar a los accionistas mayores rendimiento.<\/li>\n<!-- \/wp:list-item --><!-- wp:list-item -->\n<li>Ser un empleador americano de elecci\u00f3n, atrayendo, reteniendo y desarrollando el mejor talento humano.<\/li>\n<!-- \/wp:list-item --><!-- wp:list-item -->\n<li>Seguir impactando positivamente a nuestros clientes.<\/li>\n<!-- \/wp:list-item --><\/ul>\n<!-- \/wp:list --><!-- wp:heading {\"level\":3} -->\n<h3 class=\"wp-block-heading\">El Tequila<\/h3>\n<!-- \/wp:heading --><!-- wp:paragraph -->\n<p>EL TEQUILA es una bebida con \u201cDenominaci\u00f3n de Origen\u2019\u2019, elaborada a partir de la fermentaci\u00f3n y posterior destilaci\u00f3n de az\u00facares de Agave Tequilana Weber variedad azul. Para que un producto pueda ostentar el nombre TEQUILA, su producci\u00f3n debe llevarse a cabo en estricto cumplimiento a la Norma Oficial Mexicana NOM-006-SCFI-2012.<\/p>\n<!-- \/wp:paragraph --><!-- wp:paragraph -->\n<p>MISION<\/p>\n<!-- \/wp:paragraph --><!-- wp:paragraph -->\n<p>Nuestro objetivo es ofrecer el servicio completo de operaci\u00f3n y comercializaci\u00f3n de productos con cobertura global, garantizando seguridad, transparencia y excelente calidad en el proceso. Estamos comprometidos a satisfacer los requerimientos de nuestros clientes de manera eficiente y puntual.<\/p>\n<!-- \/wp:paragraph --><!-- wp:paragraph -->\n<p>VISION<\/p>\n<!-- \/wp:paragraph --><!-- wp:paragraph -->\n<p>Convertirnos en una empresa l\u00edder, acompa\u00f1ar al mercado global a trav\u00e9s de la mejora continua y renovaci\u00f3n de nuestros procesos para crecer y garantizar satisfacci\u00f3n del consumidor<\/p>\n<!-- \/wp:paragraph --><!-- wp:paragraph -->\n<p>VALORES<\/p>\n<!-- \/wp:paragraph --><!-- wp:list -->\n<ul><!-- wp:list-item -->\n<li>Respeto\u00a0<\/li>\n<!-- \/wp:list-item --><!-- wp:list-item -->\n<li>Trabajo en equipo\u00a0<\/li>\n<!-- \/wp:list-item --><!-- wp:list-item -->\n<li>Lealtad\u00a0<\/li>\n<!-- \/wp:list-item --><!-- wp:list-item -->\n<li>Transparencia\u00a0<\/li>\n<!-- \/wp:list-item --><!-- wp:list-item -->\n<li>Calidad<\/li>\n<!-- \/wp:list-item --><!-- wp:list-item -->\n<li>Responsabilidad<\/li>\n<!-- \/wp:list-item --><\/ul>\n<!-- \/wp:list -->\t\t\t\t\t\t<\/div>\n\t\t\t\t<\/div>\n\t\t\t\t\t<\/div>\n\t\t\t\t<\/div>\n\t\t\t\t\t\t\t<\/div>\n\t\t","protected":false},"excerpt":{"rendered":"<p>INNOVACI\u00d3N TEQUILA CASA SAHAG\u00daN redefinir\u00e1 la forma de tomar un Tequila Premium, ya que es la suma de todo un esfuerzo de trabajo artesanal materializado\u00a0 en una botella innovadora de f\u00e1cil sujeci\u00f3n, madurado en barricas y luego ser\u00a0 cuidadosamente filtrado para lograr entregar al paladar esas sutiles notas de agave, dando un\u00a0 perfecto balance con &hellip; <\/p>\n<p class=\"link-more\"><a href=\"https:\/\/sari-holding.com\/?page_id=59\" class=\"more-link\">Read more<span class=\"screen-reader-text\"> &#8220;1-Tequila Time LLC&#8221;<\/span><\/a><\/p>\n","protected":false},"author":1,"featured_media":0,"parent":0,"menu_order":0,"comment_status":"closed","ping_status":"closed","template":"","meta":{"footnotes":""},"_links":{"self":[{"href":"https:\/\/sari-holding.com\/index.php?rest_route=\/wp\/v2\/pages\/59"}],"collection":[{"href":"https:\/\/sari-holding.com\/index.php?rest_route=\/wp\/v2\/pages"}],"about":[{"href":"https:\/\/sari-holding.com\/index.php?rest_route=\/wp\/v2\/types\/page"}],"author":[{"embeddable":true,"href":"https:\/\/sari-holding.com\/index.php?rest_route=\/wp\/v2\/users\/1"}],"replies":[{"embeddable":true,"href":"https:\/\/sari-holding.com\/index.php?rest_route=%2Fwp%2Fv2%2Fcomments&post=59"}],"version-history":[{"count":7,"href":"https:\/\/sari-holding.com\/index.php?rest_route=\/wp\/v2\/pages\/59\/revisions"}],"predecessor-version":[{"id":73,"href":"https:\/\/sari-holding.com\/index.php?rest_route=\/wp\/v2\/pages\/59\/revisions\/73"}],"wp:attachment":[{"href":"https:\/\/sari-holding.com\/index.php?rest_route=%2Fwp%2Fv2%2Fmedia&parent=59"}],"curies":[{"name":"wp","href":"https:\/\/api.w.org\/{rel}","templated":true}]}}