{"id":82,"date":"2023-11-22T16:10:11","date_gmt":"2023-11-22T16:10:11","guid":{"rendered":"https:\/\/sari-holding.com\/?page_id=82"},"modified":"2025-05-20T19:22:48","modified_gmt":"2025-05-20T19:22:48","slug":"live-compliance-llc","status":"publish","type":"page","link":"https:\/\/sari-holding.com\/?page_id=82","title":{"rendered":"Integrity Inside"},"content":{"rendered":"\t\t<div data-elementor-type=\"wp-page\" data-elementor-id=\"82\" class=\"elementor elementor-82\">\n\t\t\t\t\t\t\t<div class=\"elementor-element elementor-element-b7d6a9f e-flex e-con-boxed e-con e-parent\" data-id=\"b7d6a9f\" data-element_type=\"container\" data-settings=\"{&quot;content_width&quot;:&quot;boxed&quot;}\" data-core-v316-plus=\"true\">\n\t\t\t\t\t<div class=\"e-con-inner\">\n\t\t\t\t<div class=\"elementor-element elementor-element-c94fa3c elementor-widget elementor-widget-image\" data-id=\"c94fa3c\" data-element_type=\"widget\" data-widget_type=\"image.default\">\n\t\t\t\t<div class=\"elementor-widget-container\">\n\t\t\t<style>\/*! elementor - v3.17.0 - 08-11-2023 *\/\n.elementor-widget-image{text-align:center}.elementor-widget-image a{display:inline-block}.elementor-widget-image a img[src$=\".svg\"]{width:48px}.elementor-widget-image img{vertical-align:middle;display:inline-block}<\/style>\t\t\t\t\t\t\t\t\t\t\t\t<img fetchpriority=\"high\" decoding=\"async\" width=\"950\" height=\"320\" src=\"https:\/\/sari-holding.com\/wp-content\/uploads\/2023\/11\/romain-dancre-doplSDELX7E-unsplash-e1700669429802-950x320.jpg\" class=\"attachment-inspiro-loop size-inspiro-loop wp-image-84\" alt=\"\" srcset=\"https:\/\/sari-holding.com\/wp-content\/uploads\/2023\/11\/romain-dancre-doplSDELX7E-unsplash-e1700669429802-950x320.jpg 950w, https:\/\/sari-holding.com\/wp-content\/uploads\/2023\/11\/romain-dancre-doplSDELX7E-unsplash-e1700669429802-1900x640.jpg 1900w\" sizes=\"100vw\" \/>\t\t\t\t\t\t\t\t\t\t\t\t\t\t\t<\/div>\n\t\t\t\t<\/div>\n\t\t\t\t\t<\/div>\n\t\t\t\t<\/div>\n\t\t<div class=\"elementor-element elementor-element-8b9798e e-flex e-con-boxed e-con e-parent\" data-id=\"8b9798e\" data-element_type=\"container\" data-settings=\"{&quot;content_width&quot;:&quot;boxed&quot;}\" data-core-v316-plus=\"true\">\n\t\t\t\t\t<div class=\"e-con-inner\">\n\t\t<div class=\"elementor-element elementor-element-573dad0 e-con-full e-flex e-con e-child\" data-id=\"573dad0\" data-element_type=\"container\" data-settings=\"{&quot;content_width&quot;:&quot;full&quot;}\">\n\t\t\t\t<div class=\"elementor-element elementor-element-50ed5aa elementor-widget elementor-widget-text-editor\" data-id=\"50ed5aa\" data-element_type=\"widget\" data-widget_type=\"text-editor.default\">\n\t\t\t\t<div class=\"elementor-widget-container\">\n\t\t\t<style>\/*! elementor - v3.17.0 - 08-11-2023 *\/\n.elementor-widget-text-editor.elementor-drop-cap-view-stacked .elementor-drop-cap{background-color:#69727d;color:#fff}.elementor-widget-text-editor.elementor-drop-cap-view-framed .elementor-drop-cap{color:#69727d;border:3px solid;background-color:transparent}.elementor-widget-text-editor:not(.elementor-drop-cap-view-default) .elementor-drop-cap{margin-top:8px}.elementor-widget-text-editor:not(.elementor-drop-cap-view-default) .elementor-drop-cap-letter{width:1em;height:1em}.elementor-widget-text-editor .elementor-drop-cap{float:left;text-align:center;line-height:1;font-size:50px}.elementor-widget-text-editor .elementor-drop-cap-letter{display:inline-block}<\/style>\t\t\t\t<h2>Cumplimiento<\/h2>\n<p>Empresa cuya misi\u00f3n es otorgar lineamientos de cumplimiento organizacional a terceros abarcando esfuerzos para garantizar que las organizaciones cumplan tanto con las regulaciones de la industria como con la legislaci\u00f3n gubernamental y ofrecer el servicio de oficial de cumplimiento.<\/p>\n<p>Con operaciones en M\u00e9xico y con expansi\u00f3n a USA. Actualmente la empresa esta certific\u00e1ndose para poder ofrecer este servicio en USA.<\/p>\t\t\t\t\t\t<\/div>\n\t\t\t\t<\/div>\n\t\t\t\t<\/div>\n\t\t<div class=\"elementor-element elementor-element-2546ab9 e-con-full e-flex e-con e-child\" data-id=\"2546ab9\" data-element_type=\"container\" data-settings=\"{&quot;content_width&quot;:&quot;full&quot;}\">\n\t\t\t\t<\/div>\n\t\t\t\t\t<\/div>\n\t\t\t\t<\/div>\n\t\t\t\t\t\t\t<\/div>\n\t\t","protected":false},"excerpt":{"rendered":"<p>Cumplimiento Empresa cuya misi\u00f3n es otorgar lineamientos de cumplimiento organizacional a terceros abarcando esfuerzos para garantizar que las organizaciones cumplan tanto con las regulaciones de la industria como con la legislaci\u00f3n gubernamental y ofrecer el servicio de oficial de cumplimiento. Con operaciones en M\u00e9xico y con expansi\u00f3n a USA. Actualmente la empresa esta certific\u00e1ndose para &hellip; <\/p>\n<p class=\"link-more\"><a href=\"https:\/\/sari-holding.com\/?page_id=82\" class=\"more-link\">Read more<span class=\"screen-reader-text\"> &#8220;Integrity Inside&#8221;<\/span><\/a><\/p>\n","protected":false},"author":1,"featured_media":0,"parent":0,"menu_order":0,"comment_status":"closed","ping_status":"closed","template":"","meta":{"footnotes":""},"_links":{"self":[{"href":"https:\/\/sari-holding.com\/index.php?rest_route=\/wp\/v2\/pages\/82"}],"collection":[{"href":"https:\/\/sari-holding.com\/index.php?rest_route=\/wp\/v2\/pages"}],"about":[{"href":"https:\/\/sari-holding.com\/index.php?rest_route=\/wp\/v2\/types\/page"}],"author":[{"embeddable":true,"href":"https:\/\/sari-holding.com\/index.php?rest_route=\/wp\/v2\/users\/1"}],"replies":[{"embeddable":true,"href":"https:\/\/sari-holding.com\/index.php?rest_route=%2Fwp%2Fv2%2Fcomments&post=82"}],"version-history":[{"count":8,"href":"https:\/\/sari-holding.com\/index.php?rest_route=\/wp\/v2\/pages\/82\/revisions"}],"predecessor-version":[{"id":147,"href":"https:\/\/sari-holding.com\/index.php?rest_route=\/wp\/v2\/pages\/82\/revisions\/147"}],"wp:attachment":[{"href":"https:\/\/sari-holding.com\/index.php?rest_route=%2Fwp%2Fv2%2Fmedia&parent=82"}],"curies":[{"name":"wp","href":"https:\/\/api.w.org\/{rel}","templated":true}]}}